t common divisor of 680 and 7253730.
170
Calculate the greatest common divisor of 1310 and 25283.
131
Calculate the highest common factor of 122 and 191296.
122
What is the greatest common factor of 7482 and 47734?
58
What is the greatest common factor of 15 and 786705?
15
Calculate the highest common divisor of 1520 and 27569.
19
Calculate the greatest common factor of 666848 and 416.
416
What is the greatest common divisor of 560 and 21140?
140
Calculate the highest common divisor of 2240 and 3372320.
1120
Calculate the greatest common factor of 11410 and 490.
70
What is the greatest common factor of 14 and 144802?
14
What is the highest common factor of 3059 and 6517?
133
What is the greatest common factor of 308 and 136?
4
Calculate the greatest common factor of 15301 and 2431.
143
What is the greatest common factor of 6990412 and 968?
484
What is the greatest common divisor of 57 and 687173?
19
What is the greatest common divisor of 253248 and 192?
192
What is the greatest common factor of 10 and 1456750?
10
Calculate the highest common factor of 5700 and 1928880.
1140
What is the greatest common divisor of 312252 and 12?
12
What is the greatest common factor of 11060 and 299015?
395
Calculate the greatest common factor of 116 and 139635.
29
Calculate the highest common factor of 1400 and 489650.
350
What is the highest common divisor of 27724 and 213188?
956
Calculate the highest common factor of 7896 and 792.
24
What is the highest common factor of 16164 and 279?
9
Calculate the highest common factor of 3519 and 1296.
9
Calculate the greatest common factor of 315 and 158515.
35
What is the greatest common divisor of 39 and 8628646?
13
Calculate the highest common factor of 644046 and 624.
78
What is the highest common divisor of 18915 and 105?
15
Calculate the highest common factor of 584272 and 416.
208
Calculate the highest common divisor of 8 and 172808.
8
Calculate the greatest common factor of 22962 and 1032.
258
What is the highest common factor of 410 and 1066?
82
Calculate the greatest common factor of 463082 and 23.
23
What is the greatest common divisor of 111303 and 27?
9
What is the greatest common divisor of 50 and 368675?
25
Calculate the highest common factor of 161667 and 891.
99
Calculate the greatest common factor of 871 and 6383.
13
What is the highest common factor of 960 and 268032?
192
Calculate the greatest common divisor of 1227 and 12.
3
Calculate the highest common divisor of 12 and 10614612.
12
Calculate the highest common divisor of 108378 and 892.
446
What is the greatest common divisor of 3492 and 1518438?
582
Calculate the highest common divisor of 308724 and 936.
156
What is the highest common divisor of 21 and 27741?
21
Calculate the highest common divisor of 268 and 1088214.
134
What is the greatest common factor of 3479 and 58310?
49
Calculate the highest common factor of 1164 and 49704.
12
What is the greatest common factor of 196 and 44?
4
What is the highest common factor of 8 and 1692232?
8
What is the greatest common factor of 1592 and 176?
8
Calculate the greatest common factor of 1987070 and 654.
218
Calculate the greatest common factor of 160 and 58540.
20
What is the greatest common divisor of 125256 and 340?
68
What is the highest common factor of 2079 and 9597?
21
What is the highest common factor of 16 and 1369696?
16
Calculate the greatest common divisor of 143 and 4642.
11
Calculate the greatest common divisor of 61213 and 4633.
41
Calculate the greatest common factor of 91850 and 990.
110
Calculate the highest common divisor of 82 and 52849.
41
What is the highest common factor of 27 and 1513368?
9
What is the highest common divisor of 702 and 809016?
78
Calculate the highest common divisor of 264 and 169224.
264
What is the highest common factor of 707 and 4444?
101
Calculate the highest common factor of 1180 and 8968.
236
What is the greatest common factor of 2214 and 10619?
41
Calculate the highest common factor of 88928 and 4648.
56
What is the highest common factor of 3887 and 46?
23
What is the greatest common divisor of 9571 and 23083?
563
Calculate the greatest common factor of 12288 and 144.
48
What is the greatest common factor of 14580 and 240?
60
What is the highest common divisor of 251919 and 828?
207
What is the greatest common divisor of 1650 and 477510?
330
What is the highest common factor of 3615 and 24720?
15
Calculate the highest common factor of 3680 and 1960520.
920
Calculate the greatest common divisor of 82280 and 770.
110
Calculate the greatest common divisor of 18837 and 227838.
897
What is the greatest common divisor of 1656934 and 74?
74
What is the greatest common divisor of 85 and 368560?
85
Calculate the highest common factor of 756 and 6993.
189
What is the highest common divisor of 581 and 46277?
7
Calculate the highest common divisor of 17 and 373983.
17
What is the highest common divisor of 16344 and 13968?
72
Calculate the greatest common factor of 10527 and 518694.
957
Calculate the highest common factor of 2128687 and 261.
29
Calculate the greatest common factor of 2333971 and 46.
23
What is the greatest common divisor of 159621 and 924?
231
Calculate the greatest common divisor of 1856 and 899.
29
Calculate the highest common divisor of 14096 and 192.
16
Calculate the highest common divisor of 63 and 268506.
63
Calculate the highest common factor of 98821 and 17.
17
What is the greatest common divisor of 775 and 1975?
25
Calculate the greatest common factor of 66482 and 26.
26
What is the greatest common factor of 4480 and 608?
32
What is the highest common factor of 300 and 22?
2
Calculate the greatest common factor of 1230 and 267402.
246
Calculate the highest common divisor of 504 and 217077.
21
What is the highest common divisor of 2085861 and 1038?
519
Calculate the highest common factor of 996 and 48.
12
Calculate the greatest common factor of 7750 and 1674.
62
What is the greatest common factor of 3871 and 243320?
553
Calculate the highest common divisor of 3352 and 28073.
419
Calculate the greatest common divisor of 125838 and 216.
18
What is the greatest common factor of 116 and 1052?
4
What is the highest common factor of 38892 and 324?
12
What is the greatest common factor of 235 and 1560?
5
What is the highest common divisor of 2719450 and 75?
25
What is the greatest common divisor of 778 and 33843?
389
What is the greatest common factor of 965 and 685?
5
Calculate the greatest common divisor of 5676 and 2.
2
What is the greatest common factor of 356220 and 180?
180
Calculate the greatest common factor of 50451 and 17688.
201
Calculate the highest common divisor of 79388 and 32558.
446
What is the highest common factor of 14 and 21875?
7
Calculate the greatest common divisor of 11700 and 16640.
260
Calculate the greatest common divisor of 266250 and 71.
71
What is the highest common factor of 448638 and 3864?
138
What is the greatest common factor of 22 and 485617?
11
What is the highest common factor of 3 and 636549?
3
Calculate the greatest common divisor of 39074 and 70.
14
What is the greatest common divisor of 7426 and 10112?
158
What is the greatest common divisor of 284 and 832191?
71
Calculate the greatest common divisor of 67430 and 110.
110
What is the greatest common divisor of 260 and 1326000?
260
What is the greatest common divisor of 440 and 424820?
220
What is the greatest common factor of 33988 and 464?
116
What is the highest common divisor of 16 and 7354?
2
Calculate the highest common divisor of 668530 and 10.
10
What is the highest common divisor of 16825 and 50?
25
What is the greatest common divisor of 2378 and 1044?
58
What is the greatest common factor of 1638340 and 968?
484
Calculate the greatest common divisor of 99 and 37059.
33
Calculate the greatest common divisor of 74 and 86062.
74
What is the highest common divisor of 456 and 1992?
24
Calculate the greatest common factor of 2040 and 280.
40
What is the highest common divisor of 155 and 20057?
31
Calculate the highest common factor of 6034014 and 27.
27
Calculate the greatest common divisor of 1296 and 174816.
144
Calculate the greatest common divisor of 13271 and 46.
23
Calculate the greatest common divisor of 264 and 10080.
24
What is the greatest 